{"id":244,"date":"2022-02-16T21:37:43","date_gmt":"2022-02-17T00:37:43","guid":{"rendered":"http:\/\/gradcon.com.br\/site\/?page_id=244"},"modified":"2022-06-10T18:03:52","modified_gmt":"2022-06-10T21:03:52","slug":"estrutura","status":"publish","type":"page","link":"https:\/\/gradcon.com.br\/site\/estrutura\/","title":{"rendered":"Conhe\u00e7a Nossa Estrutura"},"content":{"rendered":"\t\t<div data-elementor-type=\"wp-page\" data-elementor-id=\"244\" class=\"elementor elementor-244\" data-elementor-post-type=\"page\">\n\t\t\t\t\t\t<section class=\"elementor-section elementor-top-section elementor-element elementor-element-4ab9ca2 elementor-section-stretched elementor-section-boxed elementor-section-height-default elementor-section-height-default wpr-particle-no wpr-jarallax-no wpr-parallax-no wpr-sticky-section-no\" data-id=\"4ab9ca2\" data-element_type=\"section\" data-e-type=\"section\" data-settings=\"{&quot;stretch_section&quot;:&quot;section-stretched&quot;,&quot;background_background&quot;:&quot;classic&quot;}\">\n\t\t\t\t\t\t\t<div class=\"elementor-background-overlay\"><\/div>\n\t\t\t\t\t\t\t<div class=\"elementor-container elementor-column-gap-default\">\n\t\t\t\t\t<div class=\"elementor-column elementor-col-100 elementor-top-column elementor-element elementor-element-78dea62\" data-id=\"78dea62\" data-element_type=\"column\" data-e-type=\"column\">\n\t\t\t<div class=\"elementor-widget-wrap elementor-element-populated\">\n\t\t\t\t\t\t<div class=\"elementor-element elementor-element-9de35b5 elementor-widget elementor-widget-heading\" data-id=\"9de35b5\" data-element_type=\"widget\" data-e-type=\"widget\" data-widget_type=\"heading.default\">\n\t\t\t\t<div class=\"elementor-widget-container\">\n\t\t\t\t\t<h2 class=\"elementor-heading-title elementor-size-default\">Nossa Estrutura<\/h2>\t\t\t\t<\/div>\n\t\t\t\t<\/div>\n\t\t\t\t\t<\/div>\n\t\t<\/div>\n\t\t\t\t\t<\/div>\n\t\t<\/section>\n\t\t\t\t<section class=\"elementor-section elementor-top-section elementor-element elementor-element-3b33a56 elementor-section-stretched elementor-section-boxed elementor-section-height-default elementor-section-height-default wpr-particle-no wpr-jarallax-no wpr-parallax-no wpr-sticky-section-no\" data-id=\"3b33a56\" data-element_type=\"section\" data-e-type=\"section\" data-settings=\"{&quot;stretch_section&quot;:&quot;section-stretched&quot;}\">\n\t\t\t\t\t\t<div class=\"elementor-container elementor-column-gap-default\">\n\t\t\t\t\t<div class=\"elementor-column elementor-col-50 elementor-top-column elementor-element elementor-element-e3f0703\" data-id=\"e3f0703\" data-element_type=\"column\" data-e-type=\"column\">\n\t\t\t<div class=\"elementor-widget-wrap elementor-element-populated\">\n\t\t\t\t\t\t<div class=\"elementor-element elementor-element-830f3ab elementor-widget elementor-widget-heading\" data-id=\"830f3ab\" data-element_type=\"widget\" data-e-type=\"widget\" data-widget_type=\"heading.default\">\n\t\t\t\t<div class=\"elementor-widget-container\">\n\t\t\t\t\t<h2 class=\"elementor-heading-title elementor-size-default\">OPERACIONAL E ESCOLTA ARMADA \u2013 24 HORAS<\/h2>\t\t\t\t<\/div>\n\t\t\t\t<\/div>\n\t\t\t\t<div class=\"elementor-element elementor-element-ae5ff8a elementor-widget elementor-widget-heading\" data-id=\"ae5ff8a\" data-element_type=\"widget\" data-e-type=\"widget\" data-widget_type=\"heading.default\">\n\t\t\t\t<div class=\"elementor-widget-container\">\n\t\t\t\t\t<h2 class=\"elementor-heading-title elementor-size-default\">Nosso departamento operacional atende solicita\u00e7\u00f5es para os servi\u00e7os de Escolta Armada e Preserva\u00e7\u00e3o 24 horas por dia, inclusive nos finais de semana e feriados, tendo equipes de escoltas dispon\u00edveis para os atendimentos imediatos \u00e0s opera\u00e7\u00f5es urbanas e\/ou rodovi\u00e1rias.<\/h2>\t\t\t\t<\/div>\n\t\t\t\t<\/div>\n\t\t\t\t<div class=\"elementor-element elementor-element-8eaaa27 elementor-widget elementor-widget-heading\" data-id=\"8eaaa27\" data-element_type=\"widget\" data-e-type=\"widget\" data-widget_type=\"heading.default\">\n\t\t\t\t<div class=\"elementor-widget-container\">\n\t\t\t\t\t<h2 class=\"elementor-heading-title elementor-size-default\">Contamos com uma equipe de profissionais experientes de plant\u00e3o 24 horas.<\/h2>\t\t\t\t<\/div>\n\t\t\t\t<\/div>\n\t\t\t\t\t<\/div>\n\t\t<\/div>\n\t\t\t\t<div class=\"elementor-column elementor-col-50 elementor-top-column elementor-element elementor-element-2b09ea9\" data-id=\"2b09ea9\" data-element_type=\"column\" data-e-type=\"column\">\n\t\t\t<div class=\"elementor-widget-wrap elementor-element-populated\">\n\t\t\t\t\t\t<div class=\"elementor-element elementor-element-d7ba60f elementor-widget elementor-widget-image\" data-id=\"d7ba60f\" data-element_type=\"widget\" data-e-type=\"widget\" data-widget_type=\"image.default\">\n\t\t\t\t<div class=\"elementor-widget-container\">\n\t\t\t\t\t\t\t\t\t\t\t\t\t\t\t<img fetchpriority=\"high\" decoding=\"async\" width=\"585\" height=\"506\" src=\"https:\/\/gradcon.com.br\/site\/wp-content\/uploads\/2022\/05\/03-1.png\" class=\"attachment-large size-large wp-image-1027\" alt=\"\" srcset=\"https:\/\/gradcon.com.br\/site\/wp-content\/uploads\/2022\/05\/03-1.png 585w, https:\/\/gradcon.com.br\/site\/wp-content\/uploads\/2022\/05\/03-1-300x259.png 300w\" sizes=\"(max-width: 585px) 100vw, 585px\" \/>\t\t\t\t\t\t\t\t\t\t\t\t\t\t\t<\/div>\n\t\t\t\t<\/div>\n\t\t\t\t\t<\/div>\n\t\t<\/div>\n\t\t\t\t\t<\/div>\n\t\t<\/section>\n\t\t\t\t<section class=\"elementor-section elementor-top-section elementor-element elementor-element-f351339 elementor-section-stretched elementor-section-boxed elementor-section-height-default elementor-section-height-default wpr-particle-no wpr-jarallax-no wpr-parallax-no wpr-sticky-section-no\" data-id=\"f351339\" data-element_type=\"section\" data-e-type=\"section\" data-settings=\"{&quot;stretch_section&quot;:&quot;section-stretched&quot;}\">\n\t\t\t\t\t\t<div class=\"elementor-container elementor-column-gap-default\">\n\t\t\t\t\t<div class=\"elementor-column elementor-col-50 elementor-top-column elementor-element elementor-element-a37e45d\" data-id=\"a37e45d\" data-element_type=\"column\" data-e-type=\"column\">\n\t\t\t<div class=\"elementor-widget-wrap elementor-element-populated\">\n\t\t\t\t\t\t<div class=\"elementor-element elementor-element-76a85e8 elementor-widget elementor-widget-image\" data-id=\"76a85e8\" data-element_type=\"widget\" data-e-type=\"widget\" data-widget_type=\"image.default\">\n\t\t\t\t<div class=\"elementor-widget-container\">\n\t\t\t\t\t\t\t\t\t\t\t\t\t\t\t<img decoding=\"async\" width=\"612\" height=\"506\" src=\"https:\/\/gradcon.com.br\/site\/wp-content\/uploads\/2022\/06\/estrutura-2.jpg\" class=\"attachment-large size-large wp-image-1197\" alt=\"\" srcset=\"https:\/\/gradcon.com.br\/site\/wp-content\/uploads\/2022\/06\/estrutura-2.jpg 612w, https:\/\/gradcon.com.br\/site\/wp-content\/uploads\/2022\/06\/estrutura-2-300x248.jpg 300w\" sizes=\"(max-width: 612px) 100vw, 612px\" \/>\t\t\t\t\t\t\t\t\t\t\t\t\t\t\t<\/div>\n\t\t\t\t<\/div>\n\t\t\t\t\t<\/div>\n\t\t<\/div>\n\t\t\t\t<div class=\"elementor-column elementor-col-50 elementor-top-column elementor-element elementor-element-4d93dfc\" data-id=\"4d93dfc\" data-element_type=\"column\" data-e-type=\"column\">\n\t\t\t<div class=\"elementor-widget-wrap elementor-element-populated\">\n\t\t\t\t\t\t<div class=\"elementor-element elementor-element-5ff8a3c elementor-widget elementor-widget-heading\" data-id=\"5ff8a3c\" data-element_type=\"widget\" data-e-type=\"widget\" data-widget_type=\"heading.default\">\n\t\t\t\t<div class=\"elementor-widget-container\">\n\t\t\t\t\t<h2 class=\"elementor-heading-title elementor-size-default\">FROTA<\/h2>\t\t\t\t<\/div>\n\t\t\t\t<\/div>\n\t\t\t\t<div class=\"elementor-element elementor-element-deac799 elementor-widget elementor-widget-heading\" data-id=\"deac799\" data-element_type=\"widget\" data-e-type=\"widget\" data-widget_type=\"heading.default\">\n\t\t\t\t<div class=\"elementor-widget-container\">\n\t\t\t\t\t<h2 class=\"elementor-heading-title elementor-size-default\">As Viaturas operacionais s\u00e3o caracterizadas com logo, nome da empresa, atividade de seguran\u00e7a desenvolvida (\u201cEscolta Armada\u201d) e telefone. S\u00e3o renovadas periodicamente e realizam as revis\u00f5es de manuten\u00e7\u00e3o de forma sistem\u00e1tica nas concession\u00e1rias autorizadas e na nossa oficina mec\u00e2nica, garantindo com isso a aus\u00eancia de problemas nas opera\u00e7\u00f5es.<\/h2>\t\t\t\t<\/div>\n\t\t\t\t<\/div>\n\t\t\t\t\t<\/div>\n\t\t<\/div>\n\t\t\t\t\t<\/div>\n\t\t<\/section>\n\t\t\t\t<section class=\"elementor-section elementor-top-section elementor-element elementor-element-95ab94c elementor-section-stretched elementor-section-boxed elementor-section-height-default elementor-section-height-default wpr-particle-no wpr-jarallax-no wpr-parallax-no wpr-sticky-section-no\" data-id=\"95ab94c\" data-element_type=\"section\" data-e-type=\"section\" data-settings=\"{&quot;stretch_section&quot;:&quot;section-stretched&quot;}\">\n\t\t\t\t\t\t<div class=\"elementor-container elementor-column-gap-default\">\n\t\t\t\t\t<div class=\"elementor-column elementor-col-50 elementor-top-column elementor-element elementor-element-1ee04b6\" data-id=\"1ee04b6\" data-element_type=\"column\" data-e-type=\"column\">\n\t\t\t<div class=\"elementor-widget-wrap elementor-element-populated\">\n\t\t\t\t\t\t<div class=\"elementor-element elementor-element-57ea8f0 elementor-widget elementor-widget-heading\" data-id=\"57ea8f0\" data-element_type=\"widget\" data-e-type=\"widget\" data-widget_type=\"heading.default\">\n\t\t\t\t<div class=\"elementor-widget-container\">\n\t\t\t\t\t<h2 class=\"elementor-heading-title elementor-size-default\">EQUIPAMENTOS\/ARMAMENTOS<\/h2>\t\t\t\t<\/div>\n\t\t\t\t<\/div>\n\t\t\t\t<div class=\"elementor-element elementor-element-fcb3af6 elementor-widget elementor-widget-heading\" data-id=\"fcb3af6\" data-element_type=\"widget\" data-e-type=\"widget\" data-widget_type=\"heading.default\">\n\t\t\t\t<div class=\"elementor-widget-container\">\n\t\t\t\t\t<h2 class=\"elementor-heading-title elementor-size-default\">Os equipamentos e armamentos est\u00e3o em conformidade com as exig\u00eancias definidas pelo MJ\/Pol\u00edcia Federal, atendendo as normas legais e exig\u00eancias das seguradoras. Nossas equipes de escolta portam 02 (dois) rev\u00f3lveres cal 38 ou pistolas cal 380, 02 (dois) coletes de prote\u00e7\u00e3o bal\u00edstica, 01 (uma) espingarda calibre 12 e muni\u00e7\u00e3o sobressalente de acordo com o efetivo, permitindo aos profissionais de escolta cumprirem as exig\u00eancias legais na prote\u00e7\u00e3o do transporte do produto.<\/h2>\t\t\t\t<\/div>\n\t\t\t\t<\/div>\n\t\t\t\t\t<\/div>\n\t\t<\/div>\n\t\t\t\t<div class=\"elementor-column elementor-col-50 elementor-top-column elementor-element elementor-element-635c91e\" data-id=\"635c91e\" data-element_type=\"column\" data-e-type=\"column\">\n\t\t\t<div class=\"elementor-widget-wrap elementor-element-populated\">\n\t\t\t\t\t\t<div class=\"elementor-element elementor-element-cac8d67 elementor-widget elementor-widget-image\" data-id=\"cac8d67\" data-element_type=\"widget\" data-e-type=\"widget\" data-widget_type=\"image.default\">\n\t\t\t\t<div class=\"elementor-widget-container\">\n\t\t\t\t\t\t\t\t\t\t\t\t\t\t\t<img decoding=\"async\" width=\"585\" height=\"506\" src=\"https:\/\/gradcon.com.br\/site\/wp-content\/uploads\/2022\/03\/estrutura-3.jpg\" class=\"attachment-large size-large wp-image-650\" alt=\"\" srcset=\"https:\/\/gradcon.com.br\/site\/wp-content\/uploads\/2022\/03\/estrutura-3.jpg 585w, https:\/\/gradcon.com.br\/site\/wp-content\/uploads\/2022\/03\/estrutura-3-300x259.jpg 300w\" sizes=\"(max-width: 585px) 100vw, 585px\" \/>\t\t\t\t\t\t\t\t\t\t\t\t\t\t\t<\/div>\n\t\t\t\t<\/div>\n\t\t\t\t\t<\/div>\n\t\t<\/div>\n\t\t\t\t\t<\/div>\n\t\t<\/section>\n\t\t\t\t<section class=\"elementor-section elementor-top-section elementor-element elementor-element-cb3d299 elementor-section-stretched elementor-section-boxed elementor-section-height-default elementor-section-height-default wpr-particle-no wpr-jarallax-no wpr-parallax-no wpr-sticky-section-no\" data-id=\"cb3d299\" data-element_type=\"section\" data-e-type=\"section\" data-settings=\"{&quot;stretch_section&quot;:&quot;section-stretched&quot;}\">\n\t\t\t\t\t\t<div class=\"elementor-container elementor-column-gap-default\">\n\t\t\t\t\t<div class=\"elementor-column elementor-col-50 elementor-top-column elementor-element elementor-element-3b2f457\" data-id=\"3b2f457\" data-element_type=\"column\" data-e-type=\"column\">\n\t\t\t<div class=\"elementor-widget-wrap elementor-element-populated\">\n\t\t\t\t\t\t<div class=\"elementor-element elementor-element-396cd59 elementor-widget elementor-widget-image\" data-id=\"396cd59\" data-element_type=\"widget\" data-e-type=\"widget\" data-widget_type=\"image.default\">\n\t\t\t\t<div class=\"elementor-widget-container\">\n\t\t\t\t\t\t\t\t\t\t\t\t\t\t\t<img loading=\"lazy\" decoding=\"async\" width=\"585\" height=\"506\" src=\"https:\/\/gradcon.com.br\/site\/wp-content\/uploads\/2022\/05\/01-1.png\" class=\"attachment-large size-large wp-image-1025\" alt=\"\" srcset=\"https:\/\/gradcon.com.br\/site\/wp-content\/uploads\/2022\/05\/01-1.png 585w, https:\/\/gradcon.com.br\/site\/wp-content\/uploads\/2022\/05\/01-1-300x259.png 300w\" sizes=\"(max-width: 585px) 100vw, 585px\" \/>\t\t\t\t\t\t\t\t\t\t\t\t\t\t\t<\/div>\n\t\t\t\t<\/div>\n\t\t\t\t\t<\/div>\n\t\t<\/div>\n\t\t\t\t<div class=\"elementor-column elementor-col-50 elementor-top-column elementor-element elementor-element-4fab589\" data-id=\"4fab589\" data-element_type=\"column\" data-e-type=\"column\">\n\t\t\t<div class=\"elementor-widget-wrap elementor-element-populated\">\n\t\t\t\t\t\t<div class=\"elementor-element elementor-element-f4ba0b0 elementor-widget elementor-widget-heading\" data-id=\"f4ba0b0\" data-element_type=\"widget\" data-e-type=\"widget\" data-widget_type=\"heading.default\">\n\t\t\t\t<div class=\"elementor-widget-container\">\n\t\t\t\t\t<h2 class=\"elementor-heading-title elementor-size-default\">SISTEMA DE COMUNICA\u00c7\u00c3O<\/h2>\t\t\t\t<\/div>\n\t\t\t\t<\/div>\n\t\t\t\t<div class=\"elementor-element elementor-element-5f36f1c elementor-widget elementor-widget-heading\" data-id=\"5f36f1c\" data-element_type=\"widget\" data-e-type=\"widget\" data-widget_type=\"heading.default\">\n\t\t\t\t<div class=\"elementor-widget-container\">\n\t\t\t\t\t<h2 class=\"elementor-heading-title elementor-size-default\">Utilizamos sistema de comunica\u00e7\u00e3o via celular entre nossos clientes e a Base operacional\/viaturas de escolta Gradcon e sistema de comunica\u00e7\u00e3o via sat\u00e9lite da Autotrac, com equipamentos prime e satelitais com 02 (dois) bot\u00f5es de p\u00e2nico e teclado. Tamb\u00e9m dispondo na base operacional de telefones fixos, celulares e comunica\u00e7\u00e3o via web para facilitar o contato com os clientes.<\/h2>\t\t\t\t<\/div>\n\t\t\t\t<\/div>\n\t\t\t\t\t<\/div>\n\t\t<\/div>\n\t\t\t\t\t<\/div>\n\t\t<\/section>\n\t\t\t\t<section class=\"elementor-section elementor-top-section elementor-element elementor-element-51e9452 elementor-section-stretched elementor-section-boxed elementor-section-height-default elementor-section-height-default wpr-particle-no wpr-jarallax-no wpr-parallax-no wpr-sticky-section-no\" data-id=\"51e9452\" data-element_type=\"section\" data-e-type=\"section\" data-settings=\"{&quot;stretch_section&quot;:&quot;section-stretched&quot;}\">\n\t\t\t\t\t\t<div class=\"elementor-container elementor-column-gap-default\">\n\t\t\t\t\t<div class=\"elementor-column elementor-col-50 elementor-top-column elementor-element elementor-element-5433a07\" data-id=\"5433a07\" data-element_type=\"column\" data-e-type=\"column\">\n\t\t\t<div class=\"elementor-widget-wrap elementor-element-populated\">\n\t\t\t\t\t\t<div class=\"elementor-element elementor-element-fdb215f elementor-widget elementor-widget-heading\" data-id=\"fdb215f\" data-element_type=\"widget\" data-e-type=\"widget\" data-widget_type=\"heading.default\">\n\t\t\t\t<div class=\"elementor-widget-container\">\n\t\t\t\t\t<h2 class=\"elementor-heading-title elementor-size-default\">DOCUMENTOS OBRIGAT\u00d3RIOS \/ CHECK LIST<\/h2>\t\t\t\t<\/div>\n\t\t\t\t<\/div>\n\t\t\t\t<div class=\"elementor-element elementor-element-c2b98ad elementor-widget elementor-widget-heading\" data-id=\"c2b98ad\" data-element_type=\"widget\" data-e-type=\"widget\" data-widget_type=\"heading.default\">\n\t\t\t\t<div class=\"elementor-widget-container\">\n\t\t\t\t\t<h2 class=\"elementor-heading-title elementor-size-default\">Nossas equipes s\u00e3o submetidas \u00e0 verifica\u00e7\u00f5es rotineiras para confer\u00eancia e atualiza\u00e7\u00e3o dos documentos de porte obrigat\u00f3rio, atendendo perfeitamente as exig\u00eancias legais e das seguradoras.<\/h2>\t\t\t\t<\/div>\n\t\t\t\t<\/div>\n\t\t\t\t\t<\/div>\n\t\t<\/div>\n\t\t\t\t<div class=\"elementor-column elementor-col-50 elementor-top-column elementor-element elementor-element-5976ccc\" data-id=\"5976ccc\" data-element_type=\"column\" data-e-type=\"column\">\n\t\t\t<div class=\"elementor-widget-wrap elementor-element-populated\">\n\t\t\t\t\t\t<div class=\"elementor-element elementor-element-32a34f5 elementor-widget elementor-widget-image\" data-id=\"32a34f5\" data-element_type=\"widget\" data-e-type=\"widget\" data-widget_type=\"image.default\">\n\t\t\t\t<div class=\"elementor-widget-container\">\n\t\t\t\t\t\t\t\t\t\t\t\t\t\t\t<img loading=\"lazy\" decoding=\"async\" width=\"585\" height=\"547\" src=\"https:\/\/gradcon.com.br\/site\/wp-content\/uploads\/2022\/03\/estrutura-1.jpg\" class=\"attachment-large size-large wp-image-656\" alt=\"\" srcset=\"https:\/\/gradcon.com.br\/site\/wp-content\/uploads\/2022\/03\/estrutura-1.jpg 585w, https:\/\/gradcon.com.br\/site\/wp-content\/uploads\/2022\/03\/estrutura-1-300x281.jpg 300w\" sizes=\"(max-width: 585px) 100vw, 585px\" \/>\t\t\t\t\t\t\t\t\t\t\t\t\t\t\t<\/div>\n\t\t\t\t<\/div>\n\t\t\t\t\t<\/div>\n\t\t<\/div>\n\t\t\t\t\t<\/div>\n\t\t<\/section>\n\t\t\t\t<section class=\"elementor-section elementor-top-section elementor-element elementor-element-5de6c90 elementor-section-stretched elementor-section-boxed elementor-section-height-default elementor-section-height-default wpr-particle-no wpr-jarallax-no wpr-parallax-no wpr-sticky-section-no\" data-id=\"5de6c90\" data-element_type=\"section\" data-e-type=\"section\" data-settings=\"{&quot;stretch_section&quot;:&quot;section-stretched&quot;}\">\n\t\t\t\t\t\t<div class=\"elementor-container elementor-column-gap-default\">\n\t\t\t\t\t<div class=\"elementor-column elementor-col-50 elementor-top-column elementor-element elementor-element-e9bdf4d\" data-id=\"e9bdf4d\" data-element_type=\"column\" data-e-type=\"column\">\n\t\t\t<div class=\"elementor-widget-wrap elementor-element-populated\">\n\t\t\t\t\t\t<div class=\"elementor-element elementor-element-0778f56 elementor-widget elementor-widget-image\" data-id=\"0778f56\" data-element_type=\"widget\" data-e-type=\"widget\" data-widget_type=\"image.default\">\n\t\t\t\t<div class=\"elementor-widget-container\">\n\t\t\t\t\t\t\t\t\t\t\t\t\t\t\t<img loading=\"lazy\" decoding=\"async\" width=\"600\" height=\"531\" src=\"https:\/\/gradcon.com.br\/site\/wp-content\/uploads\/2022\/03\/estrutura-6-1.jpg\" class=\"attachment-large size-large wp-image-663\" alt=\"\" srcset=\"https:\/\/gradcon.com.br\/site\/wp-content\/uploads\/2022\/03\/estrutura-6-1.jpg 600w, https:\/\/gradcon.com.br\/site\/wp-content\/uploads\/2022\/03\/estrutura-6-1-300x266.jpg 300w\" sizes=\"(max-width: 600px) 100vw, 600px\" \/>\t\t\t\t\t\t\t\t\t\t\t\t\t\t\t<\/div>\n\t\t\t\t<\/div>\n\t\t\t\t\t<\/div>\n\t\t<\/div>\n\t\t\t\t<div class=\"elementor-column elementor-col-50 elementor-top-column elementor-element elementor-element-a03b309\" data-id=\"a03b309\" data-element_type=\"column\" data-e-type=\"column\">\n\t\t\t<div class=\"elementor-widget-wrap elementor-element-populated\">\n\t\t\t\t\t\t<div class=\"elementor-element elementor-element-af4fb81 elementor-widget elementor-widget-heading\" data-id=\"af4fb81\" data-element_type=\"widget\" data-e-type=\"widget\" data-widget_type=\"heading.default\">\n\t\t\t\t<div class=\"elementor-widget-container\">\n\t\t\t\t\t<h2 class=\"elementor-heading-title elementor-size-default\">VIGILANTES DE ESCOLTA<\/h2>\t\t\t\t<\/div>\n\t\t\t\t<\/div>\n\t\t\t\t<div class=\"elementor-element elementor-element-9c8d172 elementor-widget elementor-widget-heading\" data-id=\"9c8d172\" data-element_type=\"widget\" data-e-type=\"widget\" data-widget_type=\"heading.default\">\n\t\t\t\t<div class=\"elementor-widget-container\">\n\t\t\t\t\t<h2 class=\"elementor-heading-title elementor-size-default\">Todos os nossos colaboradores s\u00e3o identificados com uniforme exclusivo da empresa, crach\u00e1, identidade pessoal e carteira nacional de vigilante. Nossos vigilantes s\u00e3o cadastrados nas principais gerenciadoras do Brasil, sendo submetidos e aprovados nas diversas avalia\u00e7\u00f5es de risco.<\/h2>\t\t\t\t<\/div>\n\t\t\t\t<\/div>\n\t\t\t\t\t<\/div>\n\t\t<\/div>\n\t\t\t\t\t<\/div>\n\t\t<\/section>\n\t\t\t\t<\/div>\n\t\t","protected":false},"excerpt":{"rendered":"<p>Nossa Estrutura OPERACIONAL E ESCOLTA ARMADA \u2013 24 HORAS Nosso departamento operacional atende solicita\u00e7\u00f5es para os servi\u00e7os de Escolta Armada e Preserva\u00e7\u00e3o 24 horas por dia, inclusive nos finais de semana e feriados, tendo equipes de escoltas dispon\u00edveis para os atendimentos imediatos \u00e0s opera\u00e7\u00f5es urbanas e\/ou rodovi\u00e1rias. Contamos com uma equipe de profissionais experientes de plant\u00e3o 24 horas. FROTA As Viaturas operacionais s\u00e3o caracterizadas com logo, nome da empresa, atividade de seguran\u00e7a desenvolvida (\u201cEscolta Armada\u201d) e telefone. S\u00e3o renovadas periodicamente e realizam as revis\u00f5es de manuten\u00e7\u00e3o de forma sistem\u00e1tica nas concession\u00e1rias autorizadas e na nossa oficina mec\u00e2nica, garantindo com isso a aus\u00eancia de problemas nas opera\u00e7\u00f5es. EQUIPAMENTOS\/ARMAMENTOS Os equipamentos e armamentos est\u00e3o em conformidade com as exig\u00eancias definidas pelo MJ\/Pol\u00edcia Federal, atendendo as normas legais e exig\u00eancias das seguradoras. Nossas equipes de escolta portam 02 (dois) rev\u00f3lveres cal 38 ou pistolas cal 380, 02 (dois) coletes de prote\u00e7\u00e3o bal\u00edstica, 01 (uma) espingarda calibre 12 e muni\u00e7\u00e3o sobressalente de acordo com o efetivo, permitindo aos profissionais de escolta cumprirem as exig\u00eancias legais na prote\u00e7\u00e3o do transporte do produto. SISTEMA DE COMUNICA\u00c7\u00c3O Utilizamos sistema de comunica\u00e7\u00e3o via celular entre nossos clientes e a Base operacional\/viaturas de escolta Gradcon e sistema de comunica\u00e7\u00e3o via sat\u00e9lite da Autotrac, com equipamentos prime e satelitais com 02 (dois) bot\u00f5es de p\u00e2nico e teclado. Tamb\u00e9m dispondo na base operacional de telefones fixos, celulares e comunica\u00e7\u00e3o via web para facilitar o contato com os clientes. DOCUMENTOS OBRIGAT\u00d3RIOS \/ CHECK LIST Nossas equipes s\u00e3o submetidas \u00e0 verifica\u00e7\u00f5es rotineiras para confer\u00eancia e atualiza\u00e7\u00e3o dos documentos de porte obrigat\u00f3rio, atendendo perfeitamente as exig\u00eancias legais e das seguradoras. VIGILANTES DE ESCOLTA Todos os nossos colaboradores s\u00e3o identificados com uniforme exclusivo da empresa, crach\u00e1, identidade pessoal e carteira nacional de vigilante. Nossos vigilantes s\u00e3o cadastrados nas principais gerenciadoras do Brasil, sendo submetidos e aprovados nas diversas avalia\u00e7\u00f5es de risco.<\/p>\n","protected":false},"author":1,"featured_media":0,"parent":0,"menu_order":0,"comment_status":"closed","ping_status":"closed","template":"elementor_header_footer","meta":{"_joinchat":[],"footnotes":""},"class_list":["post-244","page","type-page","status-publish","hentry"],"_links":{"self":[{"href":"https:\/\/gradcon.com.br\/site\/wp-json\/wp\/v2\/pages\/244","targetHints":{"allow":["GET"]}}],"collection":[{"href":"https:\/\/gradcon.com.br\/site\/wp-json\/wp\/v2\/pages"}],"about":[{"href":"https:\/\/gradcon.com.br\/site\/wp-json\/wp\/v2\/types\/page"}],"author":[{"embeddable":true,"href":"https:\/\/gradcon.com.br\/site\/wp-json\/wp\/v2\/users\/1"}],"replies":[{"embeddable":true,"href":"https:\/\/gradcon.com.br\/site\/wp-json\/wp\/v2\/comments?post=244"}],"version-history":[{"count":0,"href":"https:\/\/gradcon.com.br\/site\/wp-json\/wp\/v2\/pages\/244\/revisions"}],"wp:attachment":[{"href":"https:\/\/gradcon.com.br\/site\/wp-json\/wp\/v2\/media?parent=244"}],"curies":[{"name":"wp","href":"https:\/\/api.w.org\/{rel}","templated":true}]}}